s the highest common divisor of 231 and 22?
11
Calculate the greatest common divisor of 19 and 6859.
19
Calculate the greatest common factor of 19 and 817.
19
Calculate the highest common divisor of 19 and 399.
19
Calculate the highest common factor of 13 and 416.
13
Calculate the greatest common factor of 243 and 54.
27
What is the greatest common divisor of 272 and 442?
34
Calculate the greatest common divisor of 126 and 140.
14
What is the greatest common factor of 403 and 341?
31
Calculate the greatest common factor of 106 and 901.
53
What is the highest common divisor of 130 and 20?
10
What is the highest common factor of 152 and 176?
8
What is the highest common factor of 126 and 5754?
42
What is the greatest common factor of 351 and 2301?
39
What is the highest common divisor of 21 and 161?
7
Calculate the greatest common factor of 4905 and 45.
45
Calculate the greatest common factor of 32 and 512.
32
What is the highest common divisor of 105 and 25?
5
What is the greatest common factor of 135 and 375?
15
Calculate the highest common factor of 249 and 415.
83
What is the greatest common factor of 232 and 841?
29
Calculate the greatest common factor of 312 and 221.
13
Calculate the greatest common factor of 71755 and 254.
127
What is the greatest common divisor of 34 and 1326?
34
Calculate the greatest common divisor of 8408 and 8.
8
Calculate the greatest common factor of 237 and 1264.
79
Calculate the highest common factor of 57 and 8892.
57
What is the highest common factor of 738 and 72?
18
Calculate the greatest common factor of 48837 and 219.
219
Calculate the greatest common divisor of 23839 and 31.
31
Calculate the highest common divisor of 24 and 234.
6
What is the highest common divisor of 148 and 6031?
37
Calculate the highest common divisor of 1130 and 30.
10
What is the greatest common factor of 90 and 45?
45
What is the highest common divisor of 80 and 140?
20
Calculate the greatest common factor of 39 and 2236.
13
What is the highest common factor of 453 and 3?
3
Calculate the greatest common divisor of 5 and 235.
5
Calculate the greatest common factor of 147 and 21.
21
Calculate the greatest common divisor of 806 and 78.
26
Calculate the greatest common factor of 2385 and 90.
45
What is the greatest common factor of 864 and 3744?
288
What is the greatest common divisor of 1027 and 237?
79
What is the highest common factor of 45 and 45?
45
What is the highest common factor of 4114 and 1870?
374
Calculate the greatest common factor of 1 and 443.
1
Calculate the greatest common factor of 1698 and 66.
6
Calculate the greatest common factor of 2277 and 27.
9
What is the highest common factor of 936 and 702?
234
What is the greatest common factor of 1946 and 98?
14
What is the highest common divisor of 32 and 104?
8
What is the highest common divisor of 24 and 2616?
24
Calculate the highest common divisor of 40 and 580.
20
Calculate the greatest common divisor of 4992 and 8832.
384
What is the highest common factor of 336 and 96?
48
Calculate the highest common divisor of 247 and 78.
13
Calculate the highest common factor of 51 and 663.
51
Calculate the greatest common factor of 21 and 455.
7
What is the greatest common divisor of 72 and 248?
8
What is the greatest common divisor of 26 and 104?
26
Calculate the greatest common factor of 128 and 496.
16
Calculate the greatest common divisor of 8 and 46.
2
What is the highest common factor of 170 and 8874?
34
What is the greatest common divisor of 7 and 14?
7
What is the greatest common divisor of 404 and 4?
4
What is the greatest common divisor of 1076 and 44?
4
What is the greatest common factor of 216 and 81?
27
Calculate the greatest common divisor of 1360 and 85.
85
Calculate the greatest common factor of 10114 and 26.
26
What is the highest common factor of 1328 and 112?
16
What is the greatest common factor of 18 and 90?
18
Calculate the highest common factor of 13803 and 129.
129
What is the greatest common factor of 108 and 27?
27
What is the greatest common divisor of 3 and 3021?
3
Calculate the greatest common factor of 111 and 851.
37
Calculate the greatest common factor of 23 and 529.
23
Calculate the highest common divisor of 63 and 924.
21
What is the greatest common divisor of 1892 and 308?
44
Calculate the highest common divisor of 87 and 2349.
87
Calculate the greatest common factor of 23 and 2323.
23
What is the highest common divisor of 68 and 527?
17
What is the greatest common factor of 1632 and 96?
96
What is the greatest common divisor of 53275 and 25?
25
What is the greatest common divisor of 960 and 12?
12
What is the greatest common divisor of 22 and 14?
2
What is the greatest common factor of 190 and 76?
38
Calculate the greatest common factor of 155 and 15.
5
What is the highest common factor of 21 and 81?
3
What is the highest common factor of 6 and 39?
3
Calculate the highest common factor of 248 and 186.
62
Calculate the greatest common factor of 598 and 52.
26
Calculate the highest common factor of 60 and 2742.
6
What is the greatest common divisor of 3857 and 133?
133
Calculate the greatest common factor of 22 and 275.
11
Calculate the greatest common factor of 385 and 154.
77
Calculate the highest common divisor of 325 and 39.
13
Calculate the greatest common divisor of 576 and 256.
64
What is the highest common divisor of 7588 and 28?
28
What is the greatest common factor of 600 and 720?
120
Calculate the highest common factor of 638 and 29.
29
What is the greatest common divisor of 2678 and 52?
26
Calculate the greatest common divisor of 176 and 1188.
44
What is the greatest common divisor of 322 and 41216?
322
Calculate the highest common factor of 712 and 35956.
356
Calculate the highest common factor of 62 and 8618.
62
Calculate the greatest common divisor of 5274 and 6.
6
Calculate the highest common divisor of 25721 and 89.
89
What is the highest common factor of 21 and 931?
7
What is the highest common divisor of 17 and 6171?
17
What is the highest common factor of 56 and 1050?
14
Calculate the highest common factor of 11 and 913.
11
What is the greatest common divisor of 570 and 95?
95
What is the greatest common divisor of 162 and 12582?
54
Calculate the highest common divisor of 1978 and 414.
46
What is the highest common factor of 347 and 23?
1
Calculate the greatest common factor of 128 and 224.
32
Calculate the highest common factor of 4215 and 135.
15
What is the greatest common divisor of 1224 and 504?
72
Calculate the highest common divisor of 20 and 320.
20
Calculate the greatest common factor of 528 and 242.
22
What is the greatest common divisor of 29 and 57913?
29
Calculate the highest common divisor of 1219 and 106.
53
Calculate the greatest common factor of 15 and 375.
15
What is the greatest common factor of 20 and 45?
5
What is the highest common factor of 69 and 60?
3
Calculate the highest common divisor of 2 and 778.
2
What is the greatest common divisor of 10 and 38?
2
What is the greatest common factor of 22925 and 35?
35
What is the greatest common factor of 768 and 168?
24
What is the highest common factor of 4 and 128?
4
What is the greatest common divisor of 290 and 58?
58
What is the highest common factor of 117 and 169?
13
What is the highest common factor of 22983 and 235?
47
Calculate the greatest common divisor of 120 and 60.
60
What is the highest common factor of 200 and 32?
8
What is the highest common factor of 1400 and 1540?
140
What is the highest common divisor of 18 and 126?
18
Calculate the highest common factor of 91 and 96551.
91
What is the highest common divisor of 1639 and 11?
11
What is the highest common divisor of 5290 and 506?
46
What is the highest common factor of 98 and 14?
14
What is the greatest common divisor of 18903 and 3?
3
What is the greatest common factor of 16004 and 4?
4
Calculate the highest common divisor of 427 and 488.
61
What is the greatest common divisor of 245 and 5?
5
What is the highest common divisor of 549 and 244?
61
Calculate the greatest common divisor of 1174 and 2.
2
Calculate the highest common factor of 17 and 1.
1
What is the greatest common factor of 39 and 1209?
39
Calculate the highest common factor of 115 and 35.
5
Calculate the greatest common div